d 1995.
15
Suppose -2*a + 4*n = -58, 5*a - 7*a = 4*n - 98. Calculate the greatest common factor of 7319 and a.
13
Let a be ((-4)/(-6))/1*384. Let o be (((-64)/20)/4)/((-6)/45). Suppose 0 = -7*w + o*w + 32. What is the highest common divisor of w and a?
32
Let w be (-3)/(-12) - 1/((-4)/15). Suppose -4*d - 187 = -4*f + d, w*f + 2*d - 194 = 0. Suppose 11*j = 14*j - 108. What is the greatest common factor of j and f?
12
Let c(g) = -18*g**2 + 62*g + 2. Let x be c(5). Let i = x - -204. What is the greatest common divisor of 55 and i?
11
Let l(n) = -18*n + 43. Let k = -13 + -1. Let p be l(k). Let x be (-354)/4*84/(-63). Calculate the highest common divisor of p and x.
59
Suppose 5*p = 20, 2*r - 9452 = p - 8*p. Calculate the highest common factor of 76 and r.
76
Suppose -8261 = -126*a + 8119. Calculate the greatest common factor of 235 and a.
5
Let x be (-24 + -1)*(1 + (-3)/5). Let z(g) = -20*g + 10. Let l be z(x). Let m = -49 - -70. What is the highest common divisor of m and l?
21
Suppose 10*o - 7*o - 417 = -2*a, 354 = 3*o - 5*a. Calculate the greatest common divisor of 14497 and o.
133
Let g be 0*2/(-6) + 6. Suppose 6*c + g = 5*w + 7*c, -2*w - 2*c - 4 = 0. Let a = -1 + 3. Calculate the greatest common divisor of w and a.
2
Let o(d) = 2*d**2 - 171*d - 204. Let w be o(86). Let s be (-4)/14 + 2916/14. Let n = w + s. What is the highest common divisor of n and 36?
18
Let m(z) = -2*z**3 - 21*z**2 - 9*z - 8. Let b be m(-12). Calculate the highest common factor of 2052 and b.
76
Suppose -829 = -20*v + 1431. Calculate the highest common factor of v and 113.
113
Suppose 0 = 2*y + 4*r - 422, -2*y - r + 423 = 2*r. Suppose -s + w = 4*s - y, 4*s - 180 = 4*w. What is the highest common factor of s and 49?
7
Let u be 3 + 653 + -2 - -2. Suppose -2*j + 15*p = 17*p - 30, 2*p + 50 = 3*j. Calculate the greatest common divisor of u and j.
16
Let k be (-2)/5 - (-36)/15. Suppose -k*d + 0*d = c + 14, 32 = -5*d - 4*c. Let m be d/10*2*(-20)/16. What is the highest common divisor of 10 and m?
2
Let n(h) = -7*h**2 - 4*h - 2. Let a be n(4). Let v = a - -140. Suppose -2*d = -0*d - 40. What is the highest common factor of d and v?
10
Suppose -31*p + 1716 = 27*p - 32*p. Let m be 6/2 - (5 + -8). What is the highest common factor of p and m?
6
Let c be 7/(-5) + 2096/40. What is the highest common divisor of 221 and c?
17
Let h be (-163)/(-2) - 3/(-6). Suppose l - 4*m = 4*l - 127, 0 = -3*l - m + 142. Suppose -56*r + l*r = -287. Calculate the highest common divisor of h and r.
41
Suppose -4*c = -s - 913, 544*c - 689 = 541*c + 5*s. What is the highest common divisor of 1767 and c?
57
Let b(h) = 31*h**2 - h - 41. Let o(x) = -15*x**2 + x + 20. Let w(i) = -4*b(i) - 9*o(i). Let q be w(5). What is the greatest common factor of q and 18?
18
Let a(g) = -g**3 + 11*g**2 + 77*g + 129. Let v be a(16). Calculate the highest common divisor of v and 46.
1
Let z be 130/(-4)*(-1470)/(-175). Let o = z + 333. Let b = 4 + 20. What is the highest common factor of b and o?
12
Let c(u) = -u**2 + 18*u - 16. Let l be c(16). Suppose -115 = -2*p + 2*m + 11, 3*p - 187 = 5*m. Calculate the highest common divisor of p and l.
16
Suppose 47872 = -691*w + 735*w. What is the greatest common divisor of w and 493?
17
Suppose 4*c - 5*h = 422, -59*h + 300 = 3*c - 60*h. What is the greatest common divisor of c and 4753?
49
Suppose 0 = 8*r - 9*r - 318. Let t = -233 - r. Calculate the greatest common factor of 85 and t.
85
Let t be (-4 + 49)*5/((-275)/(-88)). What is the highest common factor of 84 and t?
12
Let t = -6 + 6. Let z be t/(-5) - (-1 + -231). Suppose -4*v + 145 = 5*m - v, 4*m + 2*v = 116. What is the highest common divisor of z and m?
29
Let r = -52 - -67. Let w = -27 + 35. Let c be (48/w)/(2/1). Calculate the greatest common divisor of c and r.
3
Let q be 1*3/(-6)*-20. Let p be -7*q/4*-10. What is the greatest common divisor of 14 and p?
7
Let z = 8920 + -8811. What is the highest common divisor of 2725 and z?
109
Let l = -37 - -118. Let o be 12*(36/l - (-10)/18). What is the highest common factor of o and 492?
12
Let a be (-42)/16*-2*56/(-7). Let o = a - -119. Let t = o - 65. Calculate the greatest common divisor of t and 18.
6
Suppose d = -34*r + 38*r, 2*d - 25 = 3*r. Let i be (1/(-2))/((-1)/150). Calculate the greatest common divisor of i and d.
5
Let z(p) be the third derivative of -p**4/6 + 28*p**3/3 + 138*p**2. Let f be z(4). What is the greatest common factor of f and 640?
40
Suppose 3*q + 87 = -72. Let l = q - -88. Suppose -8 + 23 = 3*o. Calculate the greatest common factor of l and o.
5
Suppose 126*k + 81*k = 9729. What is the greatest common factor of k and 9071?
47
Suppose 3*j - 11 - 14 = -d, 105 = 3*d + 3*j. Let n be -1 - (3/(-9) - d/6). Suppose -2*h - 32 = -n*h. Calculate the highest common factor of 88 and h.
8
Let w(f) = f**3 + 25*f**2 + 87*f + 48. Let l be w(-14). Calculate the greatest common factor of l and 638.
58
Suppose -u + 11*g + 18 = 7*g, u = -2*g - 6. Suppose -89 = -u*o - 59. Suppose 0 = -l - 2*l + 45. Calculate the greatest common divisor of l and o.
15
Let w be 825583/15 - (-268)/2010. What is the greatest common factor of 23 and w?
23
Let k be 42/(-4)*(-2968)/12. Calculate the greatest common divisor of k and 294.
49
Suppose -1 = -b + 7. Suppose -z + 171 = b*z. Let l(c) = c**3 - 8*c**2 + c + 11. Let f be l(8). Calculate the highest common factor of f and z.
19
Let j be (-1)/(-2) + 2244/88. Suppose 0 = 5*h + 3*h - 1352. Calculate the greatest common factor of j and h.
13
Let p be 183/15 - (-16)/20. Let t = -169 + 272. Suppose -f - t = -2*l, -l - 108 = -3*l - 4*f. What is the highest common factor of l and p?
13
Let q(m) = 0 + 0*m + 36*m**2 + 1 + m - 2*m. Let o be q(1). Let d = -14605 + 14653. Calculate the highest common factor of o and d.
12
Suppose 35 = 5*m + 120. Let a be (-2)/(-1*(2 - (-50)/(-26))). Let l = a + m. What is the highest common divisor of 99 and l?
9
Let y(v) be the second derivative of v**4/12 - v**3 + 5*v**2/2 + 9*v. Let k be y(2). Let q be 123/6 - k/(-6). What is the highest common factor of 50 and q?
10
Let m = -5290 - -5374. Suppose -3*a + 199 = 5*c, -c + 4 = c. Suppose -5*q + 2*q = -a. Calculate the highest common divisor of m and q.
21
Let c(m) = 8*m - 38. Let j = 63 + -22. Let v = 48 - j. Let s be c(v). What is the highest common factor of s and 144?
18
Let r = -189 - -73. Let q be (3*(-3)/(-12))/(1/r). Let o = -82 - q. What is the greatest common factor of 35 and o?
5
Let q(g) = 5*g**3 - 84*g**2 - 6*g + 35. Let j be q(19). Calculate the greatest common divisor of 224 and j.
28
Let z be (-4)/12*3/1. Let f(p) = 1730*p**2 - 871*p**2 - p - 744*p**2. Let t be f(z). What is the highest common factor of t and 29?
29
Let s(a) = -a**3 - 49*a**2 + 97*a - 212. Let m be s(-51). Calculate the greatest common divisor of 27 and m.
1
Let d(o) = -4*o**2 - 11 + 3*o**2 - o**3 + 8*o**2 - 4*o. Let k be d(6). Let c be k/(-5) + 13689/45. What is the highest common divisor of 38 and c?
38
Let u = -62 + 174. What is the highest common factor of 32 and u?
16
Let m(s) = 0*s**2 - 21*s + 2 + 10*s - 2*s**2 + 2*s. Let z be m(-2). Calculate the greatest common factor of 348 and z.
12
Suppose -5*x = -25, -2*x - 1411 = -2*f + f. What is the greatest common factor of 1827 and f?
203
Let t(u) = -740*u + 17. Let r be t(-1). Suppose -4*b + 196 = k, 5*k - 5*b - 148 - r = 0. Calculate the highest common divisor of k and 46.
46
Suppose 2742 = 4*i - 3*n, 2*n - 2 = 3*n. Suppose -i = -29*g + 25*g. What is the greatest common divisor of 9 and g?
9
Let r = -669 + 774. Calculate the greatest common divisor of 150 and r.
15
Let h(w) = -w**3 + 11*w**2 + 10*w + 21. Let m be h(12). Let c(a) = -17*a - 29. Let j be c(m). Calculate the greatest common divisor of 22 and j.
22
Suppose 8*f + 321 + 99 = 20*f. What is the greatest common factor of f and 1344?
7
Let q(k) = 160*k - 69. Let c(o) = 79*o - 34. Let u(v) = -11*c(v) + 6*q(v). Let j be u(8). Calculate the greatest common divisor of 16 and j.
16
Suppose -5*o - 69 + 179 = 0. What is the greatest common divisor of 5258 and o?
22
Let u = -2564 + 2604. What is the greatest common divisor of 670 and u?
10
Let z be (-84)/(-18)*(10/(-6))/(95/(-171)). Let d be (68/(-10))/((-3)/105). What is the greatest common factor of d and z?
14
Suppose 4*a + 540 = 4*x, 10*a +